m?
19
Let b be (-6)/(-3) + -11*2. What is the remainder when (-3 + -1)*125/b is divided by (10 - 3)*(1 - 0)?
4
Let p = 330 - 276. What is the remainder when p is divided by 22?
10
What is the remainder when 473/8 + (-2)/16 is divided by (153/85)/((-3)/(-20))?
11
Suppose 0 = 2*s - 2*g - 144, g - 2*g + 342 = 5*s. Calculate the remainder when s is divided by 39.
30
Suppose 3*b + 2*b - 110 = 0. Let i(f) = -33*f - 449. Calculate the remainder when i(-16) is divided by b.
13
Suppose d - 5*c + 10*c = 29, 4*d = 4*c + 20. Calculate the remainder when d is divided by -4*(6/4 + -2).
1
Suppose -5*o - p = -1749, -5*p - 66 = o - 435. Calculate the remainder when o is divided by 27.
25
Let t(k) = 2*k + 11. Let w be t(5). Let q = w + -7. Calculate the remainder when q is divided by 6.
2
Suppose -34 = -5*c + 46. Suppose 17 = -4*g + 2*g + 5*t, 3*g - 2*t = 2. Suppose -6*d + 122 = -g*d. Calculate the remainder when d is divided by c.
13
Let g(z) = 6*z**3 - 4*z**2 + 2*z + 1. Suppose -5*m - 20 = 0, -w = -3*m - m - 18. Suppose -2*f + 16 = -10. What is the remainder when g(w) is divided by f?
11
Let s(c) = -2*c - 2. Let l be s(-2). Suppose x - 92 + 35 = -3*y, 5*x = -l*y + 311. What is the remainder when x is divided by 22?
19
Let k be (-3 - (-15)/5)/(-2). Suppose k = 8*j + 131 - 971. Calculate the remainder when j is divided by 27.
24
Suppose 13*g - 32*g = -418. What is the remainder when 107 is divided by g?
19
Let v = -266 - -1155. Calculate the remainder when v is divided by 33.
31
Let i(v) be the third derivative of -v**6/120 - v**5/6 - 5*v**4/24 + v**3/2 - v**2. Let o = 35 + -45. What is the remainder when i(o) is divided by 14?
11
Suppose 10*i + 11 = 51. What is the remainder when (i - -11)*(1 - (-2)/(-10)) is divided by 8?
4
Suppose -3066 = -9*a - 1941. What is the remainder when a is divided by 50?
25
Let g(i) = -2*i - 9. Let a be g(9). Let l = a - -35. What is the remainder when 22 is divided by l?
6
Suppose 4*w - 68 = -2*a + 6*w, 5*w = -10. What is the remainder when a is divided by 12?
8
Suppose -6*m + m - 5*w + 500 = 0, 5*w = 2*m - 235. Calculate the remainder when 2 + 1 - (6 - m) is divided by 26.
24
Suppose -3*a - 3 = -0*a, t = 5*a + 117. Calculate the remainder when 35 is divided by ((-192)/t)/(1/(-7)).
11
Let u = 946 + -880. What is the remainder when u is divided by 52?
14
Suppose 0*i + 84 = 6*i. Let y = 16 - i. Calculate the remainder when 6 is divided by y.
0
Let n(h) = h**2 - 7*h + 9. Calculate the remainder when (-32)/(-336)*5205/10 + (-3)/(-7) is divided by n(7).
5
Let x = -26 + 26. Suppose x = 5*l + 3*n - 51, -7 = -l + n - 0*n. Let p(s) = 26*s**2 - 1. What is the remainder when p(1) is divided by l?
7
Let u = 2507 + -2118. What is the remainder when u is divided by 53?
18
Suppose 4*u = -4*c + 104, 5*u - 3*c = 7*u - 49. Let h = -2 - -6. Calculate the remainder when u is divided by h.
1
Let s(k) = -5*k - 11. Let q be s(-4). Let f = q + 7. Calculate the remainder when (-6)/4*31*-2 is divided by f.
13
Let x(c) = 8*c**3 - 13*c**2 - c - 3. What is the remainder when x(4) is divided by 76?
69
Suppose -2493*n - 10590 = -2499*n. Calculate the remainder when n is divided by 68.
65
Suppose 4*o + 19*o = 2*o + 1113. Suppose 0 = r + 3*f - 13 - 13, 2*r = f + 17. Calculate the remainder when o is divided by r.
9
Suppose 2*b - 35 = -2*a + 3*b, 3*a = b + 50. What is the remainder when 509 is divided by a?
14
Suppose 2*u + 3*t = 33, 3*u - 8*t - 21 = -3*t. What is the remainder when 826 is divided by u?
10
Suppose 4*f + 0*f = -112. Let m = -17 - f. Calculate the remainder when 30 is divided by m.
8
Suppose -f + 30 = 2*x, -45 = 8*f - 9*f - 5*x. Calculate the remainder when 59 is divided by f.
19
Suppose -10 = 3*h + 2*h. Calculate the remainder when (h/(-6))/(2/(-6))*-46 is divided by 16.
14
What is the remainder when 103 is divided by ((36/14)/1)/(1/7)?
13
Calculate the remainder when 28 is divided by ((-36)/8)/(1/(-4)).
10
Let r = -69 + 91. Calculate the remainder when 37 is divided by r.
15
Let m = 242 + -271. Let p = -13 - m. Suppose -b = -2*i + 4*b + 69, -4*b - 215 = -5*i. What is the remainder when i is divided by p?
15
Let a(b) = -b**3 - 3*b**2 + b + 3. Let d be a(-5). Suppose -8*u + 14*u = d. Calculate the remainder when u is divided by 3.
2
Calculate the remainder when 1/(-4) - (-34722)/72 is divided by 97.
94
Let c(t) = 7*t**2 + 6*t + 45. What is the remainder when c(-8) is divided by 9?
4
Let q(g) = -g**2 + 16*g - 13. Let w be q(15). Suppose 0 = -w*k + 5*k - 105. Calculate the remainder when k is divided by 13.
9
Suppose 5*w = 364 + 206. Let t = -65 + w. What is the remainder when t is divided by 17?
15
Let r be (14/5)/(1/(-5)). Let s(z) = z**2 + 13*z - 1. What is the remainder when 76 is divided by s(r)?
11
Suppose 2*v - 43 = 3*t + 2*t, -5*v + 92 = 3*t. Calculate the remainder when 50 is divided by v.
12
Let w = -8 - -31. Let b(x) = -x**2 - 27*x + 18. Calculate the remainder when b(-26) is divided by w.
21
Let l(d) = -5*d + 17. What is the remainder when 130 is divided by l(-1)?
20
Let m(v) = -2*v**2 + v**2 - 18*v + 0 - 5 + 12*v. Let h be m(-5). Suppose -4*k + 4 + 24 = h. Calculate the remainder when 39 is divided by k.
4
What is the remainder when 81 is divided by 642/15 + (-1)/(-5)?
38
Let d be 40/(-6)*15/2. Let i = 70 + -91. Let r = i - d. Calculate the remainder when r is divided by 8.
5
Suppose -3*k = n - 98 - 10, -2*n = -k + 43. Calculate the remainder when k is divided by 7.
2
Suppose 0*k = 3*k - 129. Calculate the remainder when k is divided by ((-6)/10)/(39/(-1885)).
14
Let b(h) = h**3 - 9*h**2 + 8*h - 9. Calculate the remainder when b(9) is divided by 6.
3
Suppose -90*n + 28 = -88*n. Let l be (23 - -1)*(-3)/(-2). What is the remainder when 26*(-2 + l/8) is divided by n?
9
Suppose 2*h - 6*h - 3*f + 32 = 0, -5*f = 5*h - 35. What is the remainder when 571 is divided by h?
10
Let n be 0 + -3 - (-10 - 225). Suppose -5*l + n = p, 2*l + 4*p + 38 = 3*l. Suppose -u + 2*u = 24. What is the remainder when l is divided by u?
22
Suppose -4*c + 630 = 41*c. Calculate the remainder when c is divided by 87/27 + 4/(-18).
2
Suppose -1638 = -9*u - 4*u. What is the remainder when u is divided by 66?
60
Suppose -6*k + k = 0. Suppose 3*j = -4*z + 286, k = -0*j + 5*j + 10. Calculate the remainder when z is divided by 25.
23
Let o(u) = -u**3 + 17*u**2 - 14*u + 49. Calculate the remainder when 400 is divided by o(16).
76
Let f(i) be the second derivative of -i**5/20 + i**4/3 + i**3 + 2*i**2 + 2*i. What is the remainder when 16 is divided by f(5)?
7
What is the remainder when (-96)/(-4)*14/8 is divided by 36?
6
Suppose 945 = 4*f + 3*n, -f + 709 = 2*f + 2*n. What is the remainder when f is divided by 20?
17
Suppose 5*p = b + 3*b + 111, 2*p - 42 = 4*b. Calculate the remainder when ((172/(-3))/(-4))/(5/15) is divided by p.
20
Let v be (-2)/(1/((-1)/2)). Let g(w) = 7*w**3 - 8*w - 7*w**2 - v + 2 - 8*w**3. Calculate the remainder when g(-6) is divided by 4.
1
Suppose -23 - 1 = -2*m. Suppose m = -4*a + 8*a. Calculate the remainder when a - -28 - -2 - 0 is divided by 9.
6
Let a = -5 + 17. Calculate the remainder when (a/20)/(1/25) is divided by 9.
6
Let o = 4897 - 2406. Calculate the remainder when o is divided by 29.
26
Suppose 414 = 6*s + 144. What is the remainder when 102 is divided by s?
12
Let z(s) = 4*s + 7. What is the remainder when 39 is divided by z(4)?
16
Suppose z + 5*p + 5 = -z, 5*p + 5 = 3*z. Suppose -4*d - 3*x + 37 = z, -2*d - 3*x = -2*x - 21. Calculate the remainder when 76 is divided by d.
11
Suppose 3*v - 2*v = 8. Let f = 93 + -64. What is the remainder when f is divided by v?
5
Suppose -s + 3*l - 4 = 5*l, 4 = -2*s - 2*l. Let b = 5 + s. Let i(a) = -3*a + 5. Calculate the remainder when i(-4) is divided by b.
2
Let k = 118 - 33. Suppose 0*m - 23 = -m. Calculate the remainder when k is divided by m.
16
Suppose 925 = -13*f + 1471. Calculate the remainder when 130 is divided by f.
4
What is the remainder when 0 - (-8)/(-12) - (-7520)/30 is divided by 21?
19
Let u = -14 + 34. Calculate the remainder when 6 - ((-2448)/216)/(2/((-24)/(-2))) is divided by u.
14
Let g = -22 - -31. What is the remainder when 170/4 + (-15)/30 is divided by g?
6
Suppose 5*a = 3*q + 7 + 17, q - 9 = -4*a. Suppose -a*r - j = -89, 3*j + 19 - 69 = -2*r. Let v = -153 - -164. What is the re